nd 8653888.
1472
Calculate the highest common factor of 106567392 and 12.
12
What is the greatest common divisor of 10063 and 20619?
29
What is the highest common divisor of 236688469 and 8901?
989
What is the greatest common factor of 86 and 345588893?
43
Calculate the greatest common factor of 20989545 and 7692.
1923
What is the greatest common factor of 54 and 352948158?
54
What is the highest common divisor of 4957557 and 20757?
561
Calculate the highest common divisor of 25291606 and 556.
278
Calculate the greatest common factor of 390 and 42555565.
65
What is the highest common divisor of 975296 and 6496?
224
What is the highest common factor of 901 and 454240051?
901
Calculate the highest common divisor of 540544 and 69208.
328
What is the highest common factor of 155123 and 1179952?
2543
Calculate the greatest common factor of 26460 and 341064.
108
Calculate the greatest common divisor of 259 and 1789542.
37
What is the highest common divisor of 848 and 224561?
53
What is the greatest common divisor of 205322 and 11238968?
1378
What is the greatest common factor of 317677 and 145575?
647
Calculate the greatest common divisor of 36963 and 11637.
27
Calculate the highest common factor of 3162 and 10729720.
1054
Calculate the highest common divisor of 40 and 145429160.
40
Calculate the greatest common divisor of 417185031 and 26949.
2073
Calculate the highest common divisor of 1253892 and 60.
12
Calculate the highest common factor of 2906316 and 5187.
399
What is the greatest common divisor of 7821405 and 315?
45
Calculate the greatest common factor of 131 and 94202231.
131
Calculate the greatest common divisor of 13994574 and 330.
66
Calculate the greatest common divisor of 167840232 and 24.
24
Calculate the greatest common factor of 990794 and 7095562.
6154
What is the highest common divisor of 33079508 and 24388?
1876
What is the greatest common factor of 12807718 and 98318?
2398
What is the greatest common divisor of 99959 and 1539?
19
What is the greatest common divisor of 2708654 and 11934?
26
Calculate the highest common divisor of 678574958 and 4638.
1546
Calculate the highest common divisor of 1730946671 and 89.
89
Calculate the highest common factor of 4350 and 134678900.
1450
What is the highest common factor of 1419118 and 682?
62
What is the greatest common divisor of 11073686 and 78?
26
What is the highest common divisor of 148908864 and 1536?
192
What is the greatest common factor of 15 and 11012565?
15
Calculate the highest common divisor of 106536325 and 3325.
3325
Calculate the highest common factor of 181506 and 120159.
507
Calculate the greatest common divisor of 1982 and 892684872.
1982
What is the greatest common divisor of 8958663 and 3311?
301
What is the greatest common divisor of 698227504 and 1520?
304
Calculate the greatest common divisor of 1340415 and 1755.
135
What is the greatest common divisor of 15530 and 168537772?
3106
Calculate the highest common factor of 36537 and 1498074.
57
Calculate the greatest common factor of 55223190 and 2766.
2766
What is the highest common factor of 4123 and 4100029?
589
What is the highest common factor of 5014613 and 209?
19
Calculate the highest common factor of 5145 and 39041205.
105
Calculate the highest common divisor of 2553471 and 27.
27
What is the highest common factor of 289 and 3401666?
17
Calculate the greatest common factor of 11308602 and 115974.
2274
What is the highest common factor of 1208606 and 19388?
262
Calculate the greatest common divisor of 3170 and 1872202.
634
What is the greatest common factor of 1532258 and 1092?
182
Calculate the highest common factor of 62381436 and 26.
26
Calculate the highest common divisor of 508 and 70902322.
254
Calculate the greatest common divisor of 136 and 239375317.
17
What is the greatest common factor of 394757909 and 91?
91
What is the greatest common divisor of 6060 and 14960625?
1515
Calculate the greatest common factor of 12329254 and 14.
14
Calculate the highest common divisor of 6715 and 8056657.
1343
Calculate the highest common divisor of 20644 and 39968372.
1588
Calculate the highest common factor of 111298 and 130108.
22
What is the greatest common divisor of 2999475 and 315?
45
What is the greatest common divisor of 310654800 and 12?
12
What is the greatest common factor of 3563643435 and 7205?
7205
Calculate the highest common divisor of 33245329 and 13.
13
What is the greatest common factor of 9115963 and 1261?
97
What is the highest common divisor of 190694 and 1101502?
514
Calculate the highest common factor of 1248532538 and 268.
134
What is the greatest common factor of 30 and 25891390?
10
Calculate the highest common divisor of 64 and 7867456.
64
Calculate the highest common factor of 459 and 768536.
17
What is the greatest common divisor of 1776144 and 19248?
48
Calculate the highest common factor of 520 and 31899270.
130
Calculate the highest common factor of 1242571 and 15762.
2627
What is the greatest common factor of 95162 and 44?
2
What is the highest common divisor of 681 and 49182501?
681
Calculate the highest common divisor of 6348 and 66960360.
276
What is the highest common divisor of 13144 and 39484?
4
Calculate the highest common divisor of 1209 and 584805.
39
Calculate the greatest common divisor of 1671562 and 55274.
1906
Calculate the highest common divisor of 47112090 and 1857.
1857
What is the greatest common factor of 216 and 268736?
8
What is the greatest common factor of 3233 and 1667923?
61
Calculate the highest common factor of 4389 and 1639176.
231
Calculate the greatest common factor of 148388331 and 10353.
609
Calculate the greatest common factor of 5240109 and 187824.
903
Calculate the greatest common divisor of 504 and 100660140.
252
What is the greatest common factor of 137480160 and 37?
37
What is the greatest common factor of 99534330 and 126?
126
What is the highest common divisor of 8192 and 17224192?
512
What is the greatest common factor of 100361076 and 5784?
2892
Calculate the highest common factor of 26 and 44428202.
26
Calculate the highest common factor of 205542 and 16074.
342
What is the greatest common factor of 134532860 and 440?
220
What is the greatest common divisor of 27 and 1412321400?
27
Calculate the highest common divisor of 70666 and 5627078.
794
Calculate the highest common factor of 853463 and 845.
13
What is the greatest common factor of 11008 and 131666?
86
What is the highest common divisor of 85236154 and 66758?
2302
What is the highest common divisor of 6952804 and 1364?
124
Calculate the highest common factor of 1594017 and 45.
9
What is the greatest common divisor of 1086905 and 3620?
905
What is the highest common divisor of 16794677 and 291?
97
Calculate the highest common divisor of 2670 and 2775376.
178
Calculate the highest common divisor of 240 and 700110.
30
Calculate the highest common divisor of 200 and 99888900.
100
Calculate the greatest common factor of 16094 and 1045902.
26
Calculate the greatest common divisor of 1076635 and 532.
133
Calculate the greatest common divisor of 10548369 and 482469.
3471
What is the greatest common factor of 264 and 2390676?
12
Calculate the greatest common factor of 858 and 8016162.
66
Calculate the greatest common divisor of 18824 and 2080.
104
What is the highest common factor of 109436595 and 15?
15
Calculate the greatest common divisor of 1014926 and 22.
22
Calculate the highest common factor of 6272 and 842.
2
Calculate the greatest common divisor of 450 and 32146650.
450
What is the greatest common divisor of 159630 and 15810?
510
Calculate the highest common factor of 194192388 and 468.
468
Calculate the greatest common factor of 1765581 and 1919.
101
What is the greatest common factor of 38 and 1138198249?
19
Calculate the greatest common factor of 112651 and 9653.
49
Calculate the highest common divisor of 723429 and 45234.
63
Calculate the highest common divisor of 9693388 and 1098.
122
What is the greatest common divisor of 12 and 12596340?
12
What is the highest common divisor of 170794 and 286?
26
What is the highest common factor of 5651510 and 55916?
3994
Calculate the highest common factor of 216578603 and 46.
23
What is the greatest common factor of 213316 and 657220?
68
W